 j = -1 + -1. Let l(v) be the second derivative of 3*v**4 + v**3/6 + v**2/2 - 2*v. Let p be l(j). Calculate the greatest common divisor of p and 13.
13
Let g(s) = -s**3 + 17*s**2 + 9. Let v be g(17). Suppose 0 = j + 18 - 99. Calculate the highest common divisor of v and j.
9
Let g be (0*(-1)/3)/2. Suppose g = -x - x + 198. Suppose 0 = -2*q - q + x. Calculate the highest common divisor of q and 11.
11
Let p = 4 + 0. Suppose -2*y = -5*x - 17, y - 2*x - p = 3. Calculate the greatest common divisor of y and 5.
1
Let z = -11 - -17. Calculate the highest common divisor of 12 and z.
6
Let q be (-5)/(-15) - 322/(-6). Let g be (-1 - 0)/((-2)/q). What is the greatest common divisor of g and 9?
9
Suppose 5*u + 4*w = 60, -4*u + 3*w - 7 = -3*u. Suppose -u*b + 6*b + 6 = 0. Calculate the highest common divisor of 27 and b.
3
Let u be 4/(-5)*(-35)/(-14). Let d = 5 - u. What is the highest common divisor of 21 and d?
7
Let l(r) = r**3 - 9*r**2 + 7*r + 10. Let i be l(8). Suppose 0 = 2*n + 2, 2*n + 3 = m - 2. Calculate the highest common factor of m and i.
1
Let u(z) = z - 1. Let s be u(4). Let l = 33 - s. Let g = 40 - 20. Calculate the greatest common factor of l and g.
10
Let y(n) = n**3 + 14*n**2 - 12*n - 20. Let m be y(-14). What is the greatest common divisor of 4 and m?
4
Let s = 10 - 14. Let q = s - -3. Let p = 1 - q. What is the greatest common factor of p and 6?
2
Suppose -3*b + 52 = 2*y, -y = 2*b - 23 - 10. Let p = -7 - -21. Calculate the highest common divisor of b and p.
14
Let d(t) = -t**3 - 6*t**2 - 7*t - 1. Let r be d(-5). Let p = 42 + -32. Let u be (-12)/18 + p/6. Calculate the greatest common divisor of r and u.
1
Let n(l) be the second derivative of -l**3/6 + 27*l**2/2 + 2*l. Let j be n(13). Calculate the greatest common factor of 70 and j.
14
Let b = 7 + -4. Let i be 1/3 + 14/b. Let o be 0 + 1 + 42/3. Calculate the greatest common divisor of o and i.
5
Let c = 36 + -26. Let z be (-123)/(-2)*c/15. Suppose 3*h + 2*x = 6*h - z, -4*h + 5*x + 64 = 0. Calculate the greatest common divisor of h and 121.
11
Let j be (-26)/((-4)/2) - -1. Calculate the greatest common factor of 112 and j.
14
Suppose -5*v = -10 - 15, 5*v = -5*t + 5. Suppose -5*r - 4 = -r. Let d be (-5)/r - (6 + t). Calculate the greatest common factor of 2 and d.
1
Let v(w) = -4 + w - w**2 + 3 + 2*w**2 + 0*w. Let b be v(-3). Calculate the highest common divisor of b and 35.
5
Let p = 49 + -41. What is the greatest common divisor of p and 88?
8
Suppose -4*m = -5*z + 67, 0*m + 53 = 3*z + 4*m. Suppose 0*i - 495 = -3*i. Calculate the highest common divisor of i and z.
15
Let b be -1 - (-1)/((-2)/(-8)). Suppose 0 = 3*s - 14 - 4. Let d be (-5)/2*s/(-5). What is the greatest common divisor of b and d?
3
Let n be 32/(-6)*(-114)/4. Suppose 0 = -5*c, 22 = l - 4*c + 3. What is the greatest common factor of n and l?
19
Suppose 0 = -2*c + 17 + 159. Calculate the greatest common divisor of c and 8.
8
Suppose 3*n - 1 = 4*b, -2*n = -4*n - 5*b + 16. Let x be 25/n + 1/(-3). Suppose 7*d = 4*d + 48. What is the highest common divisor of x and d?
8
Suppose 10 = 5*a - 6*d + d, 3*a - 4*d = 1. Let o = a - -29. Suppose -18 = -3*x + 2*x. What is the greatest common divisor of o and x?
18
Let d = 7 + -1. What is the highest common factor of d and 3?
3
Suppose 5*r - 3*j = 12, -2 = j + 2. Suppose r = -2*a + 6*a - 468. What is the greatest common divisor of a and 13?
13
Let i be (-2)/3 + 3*(-85)/(-45). Calculate the greatest common divisor of 55 and i.
5
Let g(p) = -10*p - 9. Let i(k) = 3*k + 3. Let u(o) = 4*g(o) + 14*i(o). Let h be u(10). Calculate the highest common factor of h and 52.
26
Let t = 169 + -64. Calculate the greatest common divisor of t and 42.
21
Let n = -19 - -3. Let b = 28 + n. Calculate the greatest common factor of b and 84.
12
Suppose -3 = -z - 1. Let f be z/1*(202 + 6). Suppose 0 = -2*n - 2*d + 166, -5*n - 4*d + f = -0*d. Calculate the greatest common divisor of 12 and n.
12
Let r be -1*((31 - 2) + 2). Let i = -17 - r. What is the greatest common factor of i and 35?
7
Let i = -7 + 49. What is the highest common factor of i and 14?
14
Suppose -2*v - 9 + 87 = -3*d, 0 = 5*v - 4*d - 202. What is the highest common divisor of 63 and v?
21
Suppose c + k + 1 = -1, 0 = 5*k + 25. Suppose 38 = 5*n + c. Calculate the highest common divisor of n and 42.
7
Suppose -f + 5*f = -8. Let a(t) = 30*t + 5. Let k(j) = -j - 1. Let l(d) = -a(d) - 6*k(d). Let z be l(f). Calculate the highest common divisor of z and 7.
7
Let s(y) = -y**3 - 1. Let j(p) = 43*p**3 + 2*p**2 - p + 6. Let k(g) = j(g) + 6*s(g). Let n be k(1). Calculate the greatest common factor of n and 57.
19
Suppose l + 7 = 2, -3*t = 4*l + 23. Let v be (324/4)/(t - -2). What is the highest common factor of 9 and v?
9
Let s be 19/5 + 1/5. Suppose 3*b + 0*b + 15 = x, 3*x - 4*b = 30. What is the greatest common divisor of s and x?
2
Let q(r) = -r + 11. Let s be q(7). Let y(o) = -o**3 + 3*o**2 + 5*o - 6. Let n be y(s). Let t = n - -8. Calculate the greatest common factor of t and 9.
3
Let z be 7/(-2)*(4 - 0). Let p(b) = b**2 + 6*b - 17. Let q be p(z). Calculate the greatest common divisor of q and 19.
19
Suppose 6*z + 120 = 11*z. Let a(j) be the first derivative of -j**2/2 + 16*j + 1. Let w be a(0). Calculate the greatest common divisor of w and z.
8
Let m(z) = 2 - z + 3 + 0 + 5. Let u be m(8). What is the highest common factor of 20 and u?
2
Suppose -5*p + 5*o = -25, -6*o - 2 = -p - 2*o. Calculate the greatest common divisor of 42 and p.
6
Let h = 106 + -50. What is the greatest common factor of 7 and h?
7
Suppose 3*j = 5*t + 31 + 14, -2*t + 3*j - 27 = 0. Let n be (0 - 2)*99/t. Suppose 0 = 3*q - n - 18. Calculate the highest common divisor of q and 153.
17
Let f = 19 - 7. Suppose 3*c - 51 + f = 0. What is the greatest common divisor of c and 143?
13
Let c be 1 + -2 - -18 - 2. Let d be 48/9 - (-2)/(-6). What is the greatest common factor of c and d?
5
Let c be (-2)/(-13) - 74/(-26). Calculate the greatest common factor of 3 and c.
3
Let v be 4/6 - 256/(-12). Let r(d) = 2*d**2 + 6*d + 19. Let g be r(-6). Calculate the greatest common divisor of g and v.
11
Let k = 28 + -25. What is the highest common divisor of 1 and k?
1
Let w = 8 + -1. What is the greatest common factor of w and 63?
7
Suppose -p + 3*v + 4 = 0, -p + 2*p = 5*v - 2. What is the greatest common divisor of 91 and p?
13
Let w(l) = l**2 + 4*l - 3. Suppose 2*y + 4*d = 2*d + 68, -3*d + 6 = 0. Suppose -4*n - y = -8. Let c be w(n). What is the highest common factor of 81 and c?
9
Suppose 2 + 8 = 2*h. Calculate the highest common factor of 5 and h.
5
Suppose -z = -3*j - 70, -17 = -z + 5*j + 49. Suppose 0 = 5*n - 15, n - 5*n = -3*v + 45. Calculate the greatest common divisor of z and v.
19
Let m = -2 + 4. Suppose -3*a - 3*y + 615 = 0, -2*y = -m*a + 6*a - 828. What is the greatest common divisor of a and 19?
19
Suppose 17 - 80 = 2*w + 3*k, -3*w - k = 98. Let t = w - -60. Calculate the greatest common divisor of 18 and t.
9
Suppose -a + 6 = 2. Suppose -3*h - 8 = 3*i + i, 0 = -2*i - a. Let u(z) = z**2 + 11. Let g be u(h). What is the highest common factor of g and 121?
11
Let q(i) = -i**3 - 6*i**2 + 5*i - 8. Suppose 6*o = -k + 3*o - 4, 5*o - 33 = 4*k. Let c be q(k). Let l = 43 + -31. What is the highest common divisor of c and l?
6
Let v = 8 - 11. Let g(b) = 6*b**2 + 3*b. Let q be g(v). What is the greatest common divisor of 18 and q?
9
Let f = -37 - -61. What is the highest common divisor of f and 24?
24
Suppose -2*q - 23 = -4*g + q, -3*g + 3*q = -18. Suppose -g*w + 96 = -2*w. What is the highest common factor of w and 16?
16
Let z be (-4*6/(-48))/((-1)/(-462)). Calculate the highest common factor of z and 21.
21
Let g = 91 + -59. Let n be (12/(-15))/((-2)/5). Let m(f) = 2*f**3 - 2*f**2 - f + 2. Let v be m(n). Calculate the highest common factor of v and g.
8
Suppose 7*r - 6 = 4*r. Suppose 34 = r*g - 3*f - f, 0 = -g - f + 17. What is the greatest common divisor of 17 and g?
17
Suppose 4*m - 98 = -5*r, 0*r - 2*r = m - 38. Let n(l) = 40*l**2 - 2*l - 2. Let o be n(-2). What is the greatest common divisor of o and r?
18
Suppose 4 = -3*l + 4*o, 5*o - 3*o = 3*l - 4. What is the highest common divisor of l and 10?
2
Let s be 1*(1 - -3 - -18). What is the greatest common divisor of 44 and s?
22
Let w = 13 + -12